s -10 + 1312204?
1312144
In base 2, what is -10 - 11010100001101?
-11010100001111
In base 9, what is -257 - -252?
-5
In base 7, what is 106452 + -133?
106316
In base 12, what is 7 - -8?
13
In base 3, what is 1220010 + 11100?
2001110
In base 15, what is 3bb28 + 3?
3bb2b
In base 13, what is -13a0 - -3b?
-1362
In base 12, what is -29 + -5957?
-5984
In base 8, what is 5 + 6343?
6350
In base 8, what is -3 - 1007563?
-1007566
In base 15, what is -12 - -a6a?
a58
In base 9, what is 2 - 32554?
-32552
In base 16, what is -4 - -af69?
af65
In base 5, what is -211 + -22033?
-22244
In base 16, what is -4bc - -5?
-4b7
In base 14, what is -4 - -47bb?
47b7
In base 6, what is -5 - 5524453?
-5524502
In base 10, what is 0 - 75116?
-75116
In base 9, what is 457661 - -2?
457663
In base 12, what is -18b + -1247?
-1416
In base 14, what is 7 - 2304?
-22db
In base 11, what is 56800a - -1?
568010
In base 10, what is 2 + -309923?
-309921
In base 8, what is 316 - 127?
167
In base 16, what is -d60 + a?
-d56
In base 6, what is 141114242 + -2?
141114240
In base 11, what is 2534 + a?
2543
In base 2, what is -10 - 11011100001100110000?
-11011100001100110010
In base 11, what is -325a7 - -3?
-325a4
In base 7, what is -412 + -3546?
-4261
In base 11, what is -7429 + 10?
-7419
In base 15, what is -90 + -95a?
-9ea
In base 3, what is -10102111110021 - 10?
-10102111110101
In base 3, what is -2120001012102 - -2?
-2120001012100
In base 2, what is -101011100100101 - -11000?
-101011100001101
In base 6, what is -3443 - -11412?
3525
In base 6, what is 5051545 + 5?
5051554
In base 13, what is -178 + -24c?
-3c7
In base 8, what is 237255 + -5?
237250
In base 4, what is -23 + 131021311?
131021222
In base 11, what is -40 + -819?
-859
In base 7, what is 11 - 3346136?
-3346125
In base 2, what is 101100 + 10110000101010?
10110001010110
In base 5, what is 110424 + 411?
111340
In base 7, what is 50 + 40?
120
In base 5, what is -10 + -44024113?
-44024123
In base 2, what is 11011110110 - 10000001?
11001110101
In base 2, what is 10001000011001010001 - -101?
10001000011001010110
In base 3, what is 11 + 221020122?
221020210
In base 5, what is 20 + -11302?
-11232
In base 14, what is -12cc + 4d?
-127d
In base 12, what is 1 + -30299?
-30298
In base 15, what is -bb47e - -4?
-bb47a
In base 7, what is -355122 - 2?
-355124
In base 4, what is 111330231 - -3?
111330300
In base 12, what is -8 - 327?
-333
In base 4, what is -31 + -3010002?
-3010033
In base 13, what is 29a - 59?
241
In base 11, what is -5 + -3281?
-3286
In base 15, what is -2132 - 41?
-2173
In base 3, what is -11 - -12101212220?
12101212202
In base 4, what is -1112001011 + 10?
-1112001001
In base 5, what is 3 - -2330032?
2330040
In base 2, what is -1110101110110000 - 110?
-1110101110110110
In base 16, what is -61c47 - 6?
-61c4d
In base 11, what is -1a62 - 40?
-1aa2
In base 9, what is 28 - -8416?
8445
In base 10, what is 10361 + 4?
10365
In base 14, what is -20 + -6b44?
-6b64
In base 8, what is -334 - 71603?
-72137
In base 10, what is -84 + -1593?
-1677
In base 10, what is 5 - -14767?
14772
In base 12, what is -879507 - 5?
-879510
In base 12, what is 5804 + 6?
580a
In base 2, what is -10 + 110001000111101111?
110001000111101101
In base 12, what is 1bb31 - -2?
1bb33
In base 14, what is 0 - 154c?
-154c
In base 10, what is -236 + 181?
-55
In base 9, what is 4 + -7233?
-7228
In base 14, what is -bc8 - 9a?
-c84
In base 3, what is 10022221000 + 2?
10022221002
In base 4, what is 1310313212 - 0?
1310313212
In base 9, what is -5 - -212781?
212775
In base 10, what is 0 - 77411?
-77411
In base 3, what is -10110122221 + -12?
-10110200010
In base 3, what is 11211012 + 22010?
12010022
In base 2, what is -1011101100111011000 + -100?
-1011101100111011100
In base 6, what is 20233 + 4?
20241
In base 16, what is -22 - -867?
845
In base 5, what is -4 - 1342320?
-1342324
In base 7, what is 2525 - 34?
2461
In base 15, what is 2ba4e - 4?
2ba4a
In base 13, what is -638a - 5?
-6392
In base 5, what is 12303012 - -10?
12303022
In base 7, what is -45253 + 43?
-45210
In base 5, what is -11431221 - 114?
-11431340
In base 11, what is 1100 + 152?
1252
In base 5, what is 20 + 1420334?
1420404
In base 4, what is 11023020 + 3?
11023023
In base 7, what is 323 - -15313?
15636
In base 3, what is -1020110 + -2112?
-1022222
In base 6, what is 20053 + 0?
20053
In base 5, what is -240 - 224111?
-224401
In base 13, what is 0 - -804?
804
In base 13, what is -4 + a1b?
a17
In base 14, what is 167c - 2a4?
13b8
In base 4, what is -13132113 - -100?
-13132013
In base 14, what is 489 - 672?
-1c7
In base 6, what is -1054401 - -5?
-1054352
In base 14, what is -2861 - 2?
-2863
In base 15, what is ca + cd?
1a8
In base 8, what is 33301 - -57?
33360
In base 12, what is -3 - 43055?
-43058
In base 2, what is 111010011 + 10101?
111101000
In base 16, what is 57802 + -1?
57801
In base 9, what is 11343 + -3?
11340
In base 15, what is ce + e?
dd
In base 15, what is 22447 + d?
22455
In base 8, what is 302354 - 13?
302341
In base 9, what is -10801 + 15?
-10775
In base 15, what is 4 + -21c726?
-21c722
In base 7, what is 5 - 116455?
-116450
In base 15, what is 6 + -1bd3?
-1bcc
In base 9, what is 23600 + -1?
23588
In base 15, what is -6e4c + -7?
-6e54
In base 5, what is 1040130204 - 3?
1040130201
In base 11, what is 0 - 19077?
-19077
In base 9, what is -541378 + -3?
-541382
In base 16, what is 3290 + 23?
32b3
In base 14, what is 0 + -c723?
-c723
In base 3, what is 2121 + 112011?
121202
In base 11, what is -3 - -7444?
7441
In base 11, what is -21 + 273?
252
In base 9, what is 41014 - 2?
41012
In base 15, what is -2 + -3845?
-3847
In base 11, what is 7 - 75a?
-753
In base 6, what is 5403 - 11040?
-1233
In base 13, what is c - -675b?
676a
In base 8, what is 20 - -1407?
1427
In base 4, what is 1311 + -11210?
-3233
In base 10, what is 101 + -572?
-471
In base 4, what is -3122100 - 11?
-3122111
In base 5, what is -4044 - -340?
-3204
In base 14, what is 5 + -14ab?
-14a6
In base 6, what is -22 + 5431?
5405
In base 14, what is -c + -18ac8?
-18ad6
In base 8, what is -203722 + -3?
-203725
In base 2, what is -10100001101000110 + 11001?
-10100001100101101
In base 14, what is -1 + -a0d43?
-a0d44
In base 15, what is 1 - 1374d?
-1374c
In base 9, what is 244466 + 7?
244474
In base 2, what is 110111100101111100 - 10?
110111100101111010
In base 14, what is -21a9 + 8?
-21a1
In base 12, what is -38513 + 2?
-38511
In base 12, what is 103b - 25?
1016
In base 12, what is -5 - -243a?
2435
In base 14, what is -1845 + -4b?
-1892
In base 15, what is -37 + 1e4?
1ac
In base 3, what is 1122210 + -12121?
1110012
In base 2, what is 10101100 + 1110010101110?
1110101011010
In base 13, what is 51 + -35cc?
-357b
In base 16, what is 5 + -b36?
-b31
In base 7, what is 6 + 13032?
13041
In base 11, what is -102352 + -5?
-102357
In base 12, what is -11 + -229bb?
-22a10
In base 4, what is -2 - 121120?
-121122
In base 13, what is -1551 + 0?
-1551
In base 11, what is -5 + -5229a9?
-522a03
In base 15, what is 5 + 1bb85?
1bb8a
In base 14, what is 566ac5 - 4?
566ac1
In base 10, what is 325623 - -1?
325624
In base 12, what is 33a4b2 - 1?
33a4b1
In base 13, what is -16b4 - 4?
-16b8
In base 13, what is -b63 - 3?
-b66
In base 2, what is -1 + 1101100010110110?
1101100010110101
In base 2, what is 0 + -1001100001000110?
-1001100001000110
In base 15, what is 5bc2 + -42?
5b80
In base 9, what is -471055 - 4?
-471060
In base 12, what is 716 + -6?
710
In base 3, what is -11 + 11121120000?
11121112212
In base 14, what is 29 + -3644c?
-36423
In base 6, what is 320 - 5115?
-4355
In base 12, what is 856 - -15?
86b
In base 11, what is 6 + -8331?
-8326
In base 12, what is 81b + -6?
815
In base 8, what is -5 + 20336?
20331
In base 11, what is -5 - 11975a?
-119764
In base 14, what is -5435 - -5?
-5430
In base 16, what is 1 + -370?
-36f
In base 8, what is 16 + 1206?
1224
In base 11, what is 4 + 145a0?
145a4
In base 8, what is -455 + 2122?
1445
In base 4, what is -320013 + 300?
-313113
In base 10, what is -19 + 43195?
43176
In base 5, what is -12014 - 24333?
-41402
In base 3, what is 11 + -11021112000?
-11021111212
In base 16, what is -15a + -71f?
-879
In base 14, what is -406 + -6?
-40c
In base 12, what is -3 - -805?
802
In base 16, what is 248 + -127?
121
In base 9, what is 137 - 3